{"id":853,"date":"2020-05-08T19:07:55","date_gmt":"2020-05-08T17:07:55","guid":{"rendered":"https:\/\/www.telepace.it\/roma\/?post_type=puntata&amp;p=853"},"modified":"2020-05-08T19:07:55","modified_gmt":"2020-05-08T17:07:55","slug":"le-orecchiette-di-lino-banfi-per-i-poveri","status":"publish","type":"puntata","link":"https:\/\/www.telepace.it\/puntate\/le-orecchiette-di-lino-banfi-per-i-poveri\/","title":{"rendered":"LE ORECCHIETTE DI LINO BANFI PER I POVERI"},"content":{"rendered":"<p><iframe loading=\"lazy\" width=\"800\" height=\"450\" src=\"https:\/\/www.youtube.com\/embed\/yuNLeHsqhi0?feature=oembed\" frameborder=\"0\" allow=\"accelerometer; autoplay; encrypted-media; gyroscope; picture-in-picture\" allowfullscreen><\/iframe><\/p>\n<p>Donazione dell\u2019attore pugliese Lino Banfi ai poveri del Papa. Si tratta di 250 chilogrammi di orecchiette arrivate da Barletta e 500 vasetti di sugo di pomodoro. Il carico \u00e8 stato consegnato nelle mani dell\u2019elemosiniere pontificio, il cardinale Konrad Krajewski, che si occuper\u00e0 di distribuirli a beneficio dei pi\u00f9 bisognosi. Banfi ci ha spiegato la genesi di questa iniziativa annunciando che sar\u00e0 protagonista di uno spot del ministero della Salute sull\u2019utilizzo delle mascherine<\/p>\n","protected":false},"featured_media":844,"template":"","tags":[110],"class_list":["post-853","puntata","type-puntata","status-publish","has-post-thumbnail","hentry","tag-redazione-roma"],"acf":[],"images":{"thumbnail":"https:\/\/www.telepace.it\/wp-content\/uploads\/2020\/05\/vlcsnap-2020-05-08-17h06m50s876-150x150.jpg","medium":"https:\/\/www.telepace.it\/wp-content\/uploads\/2020\/05\/vlcsnap-2020-05-08-17h06m50s876-300x169.jpg","full":"https:\/\/www.telepace.it\/wp-content\/uploads\/2020\/05\/vlcsnap-2020-05-08-17h06m50s876.jpg"},"descrizione_app":null,"url_app":null,"programma_id":null,"_links":{"self":[{"href":"https:\/\/www.telepace.it\/api\/wp\/v2\/puntata\/853","targetHints":{"allow":["GET"]}}],"collection":[{"href":"https:\/\/www.telepace.it\/api\/wp\/v2\/puntata"}],"about":[{"href":"https:\/\/www.telepace.it\/api\/wp\/v2\/types\/puntata"}],"wp:featuredmedia":[{"embeddable":true,"href":"https:\/\/www.telepace.it\/api\/wp\/v2\/media\/844"}],"wp:attachment":[{"href":"https:\/\/www.telepace.it\/api\/wp\/v2\/media?parent=853"}],"wp:term":[{"taxonomy":"post_tag","embeddable":true,"href":"https:\/\/www.telepace.it\/api\/wp\/v2\/tags?post=853"}],"curies":[{"name":"wp","href":"https:\/\/api.w.org\/{rel}","templated":true}]}}

<p><iframe loading="lazy" width="800" height="450" src="https://www.youtube.com/embed/yuNLeHsqhi0?feature=oembed" frameborder="0" allow="accelerometer; autoplay; encrypted-media; gyroscope; picture-in-picture" allowfullscreen></iframe></p>
<p>Donazione dell’attore pugliese Lino Banfi ai poveri del Papa. Si tratta di 250 chilogrammi di orecchiette arrivate da Barletta e 500 vasetti di sugo di pomodoro. Il carico è stato consegnato nelle mani dell’elemosiniere pontificio, il cardinale Konrad Krajewski, che si occuperà di distribuirli a beneficio dei più bisognosi. Banfi ci ha spiegato la genesi di questa iniziativa annunciando che sarà protagonista di uno spot del ministero della Salute sull’utilizzo delle mascherine</p>
