{"id":88349,"date":"2026-03-11T15:02:14","date_gmt":"2026-03-11T14:02:14","guid":{"rendered":"https:\/\/www.telepace.it\/?post_type=puntata&#038;p=88349"},"modified":"2026-03-11T15:02:15","modified_gmt":"2026-03-11T14:02:15","slug":"focus-presente-11-marzo-2026","status":"publish","type":"puntata","link":"https:\/\/www.telepace.it\/puntate\/focus-presente-11-marzo-2026\/","title":{"rendered":"FOCUS presente 11 marzo 2026"},"content":{"rendered":"\n<figure class=\"wp-block-embed is-type-video is-provider-youtube wp-block-embed-youtube wp-embed-aspect-16-9 wp-has-aspect-ratio\"><div class=\"wp-block-embed__wrapper\">\n<iframe loading=\"lazy\" title=\"FOCUS presente 11 marzo 2026\" width=\"800\" height=\"450\" src=\"https:\/\/www.youtube.com\/embed\/xc9BgrX0LYs?feature=oembed\" frameborder=\"0\" allow=\"accelerometer; autoplay; clipboard-write; encrypted-media; gyroscope; picture-in-picture; web-share\" referrerpolicy=\"strict-origin-when-cross-origin\" allowfullscreen><\/iframe>\n<\/div><\/figure>\n\n\n\n<p>Oggi parliamo della Catechesi di Leone nell&#8217;Udienza Generale, il suo appello per la pace in particolare Iran e Libano; spazio poi alle parole del Vescovo di Verona per l&#8217;invito alla giornata di Preghiera e Digiuno per questo venerd\u00ec 13 marzo; le attivit\u00e0 della Fed. Naz. Italiana San Vincenzo De Paoli per il volontariato in carcere e il progetto per la legalit\u00e0 &#8216;ScegliAmo Bene&#8217; nelle scuole secondarie; la mostra di S. Francesco a 800 anni dalla sua nascita al cielo; il progetto &#8216;Mi sta a cuore&#8217; al Museo Diocesano di Padova.<\/p>\n","protected":false},"featured_media":85725,"template":"","tags":[139],"class_list":["post-88349","puntata","type-puntata","status-publish","has-post-thumbnail","hentry","tag-redazione-verona"],"acf":[],"images":{"thumbnail":"https:\/\/www.telepace.it\/wp-content\/uploads\/2025\/05\/FOCUS-150x150.jpg","medium":"https:\/\/www.telepace.it\/wp-content\/uploads\/2025\/05\/FOCUS-300x169.jpg","full":"https:\/\/www.telepace.it\/wp-content\/uploads\/2025\/05\/FOCUS.jpg"},"descrizione_app":"","url_app":"","programma_id":54338,"_links":{"self":[{"href":"https:\/\/www.telepace.it\/api\/wp\/v2\/puntata\/88349","targetHints":{"allow":["GET"]}}],"collection":[{"href":"https:\/\/www.telepace.it\/api\/wp\/v2\/puntata"}],"about":[{"href":"https:\/\/www.telepace.it\/api\/wp\/v2\/types\/puntata"}],"wp:featuredmedia":[{"embeddable":true,"href":"https:\/\/www.telepace.it\/api\/wp\/v2\/media\/85725"}],"wp:attachment":[{"href":"https:\/\/www.telepace.it\/api\/wp\/v2\/media?parent=88349"}],"wp:term":[{"taxonomy":"post_tag","embeddable":true,"href":"https:\/\/www.telepace.it\/api\/wp\/v2\/tags?post=88349"}],"curies":[{"name":"wp","href":"https:\/\/api.w.org\/{rel}","templated":true}]}}

<figure class="wp-block-embed is-type-video is-provider-youtube wp-block-embed-youtube wp-embed-aspect-16-9 wp-has-aspect-ratio"><div class="wp-block-embed__wrapper">
<iframe loading="lazy" title="FOCUS presente 11 marzo 2026" width="800" height="450" src="https://www.youtube.com/embed/xc9BgrX0LYs?feature=oembed" frameborder="0" allow="accelerometer; autoplay; clipboard-write; encrypted-media; gyroscope; picture-in-picture; web-share" referrerpolicy="strict-origin-when-cross-origin" allowfullscreen></iframe>
</div></figure>



<p>Oggi parliamo della Catechesi di Leone nell&#8217;Udienza Generale, il suo appello per la pace in particolare Iran e Libano; spazio poi alle parole del Vescovo di Verona per l&#8217;invito alla giornata di Preghiera e Digiuno per questo venerdì 13 marzo; le attività della Fed. Naz. Italiana San Vincenzo De Paoli per il volontariato in carcere e il progetto per la legalità &#8216;ScegliAmo Bene&#8217; nelle scuole secondarie; la mostra di S. Francesco a 800 anni dalla sua nascita al cielo; il progetto &#8216;Mi sta a cuore&#8217; al Museo Diocesano di Padova.</p>
