{"id":88626,"date":"2026-04-28T20:30:00","date_gmt":"2026-04-28T18:30:00","guid":{"rendered":"https:\/\/www.telepace.it\/?post_type=puntata&#038;p=88626"},"modified":"2026-04-24T11:46:17","modified_gmt":"2026-04-24T09:46:17","slug":"limiti-ai-social-per-adolescenti-piu-sani","status":"publish","type":"puntata","link":"https:\/\/www.telepace.it\/puntate\/limiti-ai-social-per-adolescenti-piu-sani\/","title":{"rendered":"Limiti ai social per adolescenti pi\u00f9 sani"},"content":{"rendered":"\n<figure class=\"wp-block-embed is-type-video is-provider-youtube wp-block-embed-youtube wp-embed-aspect-16-9 wp-has-aspect-ratio\"><div class=\"wp-block-embed__wrapper\">\n<iframe loading=\"lazy\" title=\"L&#039;Approfondimento - Limiti ai social per adolescenti pi\u00f9 sani\" width=\"800\" height=\"450\" src=\"https:\/\/www.youtube.com\/embed\/9FtkOmOvGrs?feature=oembed\" frameborder=\"0\" allow=\"accelerometer; autoplay; clipboard-write; encrypted-media; gyroscope; picture-in-picture; web-share\" referrerpolicy=\"strict-origin-when-cross-origin\" allowfullscreen><\/iframe>\n<\/div><\/figure>\n\n\n\n<p>I social possono essere una grande opportunit\u00e0 se utilizzati bene. Ma quello che emerge, sempre di pi\u00f9, \u00e8 la dipendenza che creano tra bambini e ragazzi. Perch\u00e9 sono pensati per &#8216;scrollare&#8217; all&#8217;infinito, rubando tempo, idee, energie. Tant&#8217;\u00e8 che diversi Stati, a partire dall&#8217;Australia, ne stanno vietando l&#8217;uso ai minori di 16-14 anni. Ne parliamo con Paloma Donadi, consulente digitale.<\/p>\n","protected":false},"featured_media":88627,"template":"","tags":[139],"class_list":["post-88626","puntata","type-puntata","status-publish","has-post-thumbnail","hentry","tag-redazione-verona"],"acf":[],"images":{"thumbnail":"https:\/\/www.telepace.it\/wp-content\/uploads\/2026\/04\/vlcsnap-2026-04-23-10h50m02s003-150x150.jpg","medium":"https:\/\/www.telepace.it\/wp-content\/uploads\/2026\/04\/vlcsnap-2026-04-23-10h50m02s003-300x169.jpg","full":"https:\/\/www.telepace.it\/wp-content\/uploads\/2026\/04\/vlcsnap-2026-04-23-10h50m02s003.jpg"},"descrizione_app":"","url_app":"","programma_id":32723,"_links":{"self":[{"href":"https:\/\/www.telepace.it\/api\/wp\/v2\/puntata\/88626","targetHints":{"allow":["GET"]}}],"collection":[{"href":"https:\/\/www.telepace.it\/api\/wp\/v2\/puntata"}],"about":[{"href":"https:\/\/www.telepace.it\/api\/wp\/v2\/types\/puntata"}],"wp:featuredmedia":[{"embeddable":true,"href":"https:\/\/www.telepace.it\/api\/wp\/v2\/media\/88627"}],"wp:attachment":[{"href":"https:\/\/www.telepace.it\/api\/wp\/v2\/media?parent=88626"}],"wp:term":[{"taxonomy":"post_tag","embeddable":true,"href":"https:\/\/www.telepace.it\/api\/wp\/v2\/tags?post=88626"}],"curies":[{"name":"wp","href":"https:\/\/api.w.org\/{rel}","templated":true}]}}

Limiti ai social per adolescenti più sani

<figure class="wp-block-embed is-type-video is-provider-youtube wp-block-embed-youtube wp-embed-aspect-16-9 wp-has-aspect-ratio"><div class="wp-block-embed__wrapper">
<iframe loading="lazy" title="L&#039;Approfondimento - Limiti ai social per adolescenti più sani" width="800" height="450" src="https://www.youtube.com/embed/9FtkOmOvGrs?feature=oembed" frameborder="0" allow="accelerometer; autoplay; clipboard-write; encrypted-media; gyroscope; picture-in-picture; web-share" referrerpolicy="strict-origin-when-cross-origin" allowfullscreen></iframe>
</div></figure>



<p>I social possono essere una grande opportunità se utilizzati bene. Ma quello che emerge, sempre di più, è la dipendenza che creano tra bambini e ragazzi. Perché sono pensati per &#8216;scrollare&#8217; all&#8217;infinito, rubando tempo, idee, energie. Tant&#8217;è che diversi Stati, a partire dall&#8217;Australia, ne stanno vietando l&#8217;uso ai minori di 16-14 anni. Ne parliamo con Paloma Donadi, consulente digitale.</p>
