{"id":88643,"date":"2026-04-25T19:30:00","date_gmt":"2026-04-25T17:30:00","guid":{"rendered":"https:\/\/www.telepace.it\/?post_type=puntata&#038;p=88643"},"modified":"2026-04-24T12:10:51","modified_gmt":"2026-04-24T10:10:51","slug":"il-fatto-del-25-aprile-2026","status":"publish","type":"puntata","link":"https:\/\/www.telepace.it\/puntate\/il-fatto-del-25-aprile-2026\/","title":{"rendered":"Il Fatto del 25 aprile 2026"},"content":{"rendered":"\n<figure class=\"wp-block-embed is-type-video is-provider-youtube wp-block-embed-youtube wp-embed-aspect-16-9 wp-has-aspect-ratio\"><div class=\"wp-block-embed__wrapper\">\n<iframe loading=\"lazy\" title=\"Il Fatto del 25 aprile 2026\" width=\"800\" height=\"450\" src=\"https:\/\/www.youtube.com\/embed\/EIJHNx6yzcU?feature=oembed\" frameborder=\"0\" allow=\"accelerometer; autoplay; clipboard-write; encrypted-media; gyroscope; picture-in-picture; web-share\" referrerpolicy=\"strict-origin-when-cross-origin\" allowfullscreen><\/iframe>\n<\/div><\/figure>\n\n\n\n<p>In questa puntata de &#8216;Il Fatto&#8217;, il direttore mons. Bruno Fasani parla delle polemiche sollevate sull&#8217;adunata degli Alpini, da sempre impegnati nel volontariato e nelle emergenze, che si terr\u00e0 a maggio a Genova. Una figura istituzionale ha definito l&#8217;adunata una &#8216;pagliacciata&#8217; inutile che blocca la citt\u00e0, un intrigo per la collettivit\u00e0. Ma \u00e8 davvero cos\u00ec?<\/p>\n","protected":false},"featured_media":42253,"template":"","tags":[139],"class_list":["post-88643","puntata","type-puntata","status-publish","has-post-thumbnail","hentry","tag-redazione-verona"],"acf":[],"images":{"thumbnail":"https:\/\/www.telepace.it\/wp-content\/uploads\/2022\/03\/il-fatto-150x150.jpg","medium":"https:\/\/www.telepace.it\/wp-content\/uploads\/2022\/03\/il-fatto-300x169.jpg","full":"https:\/\/www.telepace.it\/wp-content\/uploads\/2022\/03\/il-fatto.jpg"},"descrizione_app":"","url_app":"","programma_id":35646,"_links":{"self":[{"href":"https:\/\/www.telepace.it\/api\/wp\/v2\/puntata\/88643","targetHints":{"allow":["GET"]}}],"collection":[{"href":"https:\/\/www.telepace.it\/api\/wp\/v2\/puntata"}],"about":[{"href":"https:\/\/www.telepace.it\/api\/wp\/v2\/types\/puntata"}],"wp:featuredmedia":[{"embeddable":true,"href":"https:\/\/www.telepace.it\/api\/wp\/v2\/media\/42253"}],"wp:attachment":[{"href":"https:\/\/www.telepace.it\/api\/wp\/v2\/media?parent=88643"}],"wp:term":[{"taxonomy":"post_tag","embeddable":true,"href":"https:\/\/www.telepace.it\/api\/wp\/v2\/tags?post=88643"}],"curies":[{"name":"wp","href":"https:\/\/api.w.org\/{rel}","templated":true}]}}

<figure class="wp-block-embed is-type-video is-provider-youtube wp-block-embed-youtube wp-embed-aspect-16-9 wp-has-aspect-ratio"><div class="wp-block-embed__wrapper">
<iframe loading="lazy" title="Il Fatto del 25 aprile 2026" width="800" height="450" src="https://www.youtube.com/embed/EIJHNx6yzcU?feature=oembed" frameborder="0" allow="accelerometer; autoplay; clipboard-write; encrypted-media; gyroscope; picture-in-picture; web-share" referrerpolicy="strict-origin-when-cross-origin" allowfullscreen></iframe>
</div></figure>



<p>In questa puntata de &#8216;Il Fatto&#8217;, il direttore mons. Bruno Fasani parla delle polemiche sollevate sull&#8217;adunata degli Alpini, da sempre impegnati nel volontariato e nelle emergenze, che si terrà a maggio a Genova. Una figura istituzionale ha definito l&#8217;adunata una &#8216;pagliacciata&#8217; inutile che blocca la città, un intrigo per la collettività. Ma è davvero così?</p>
