{"id":89563,"date":"2026-09-03T21:00:00","date_gmt":"2026-09-03T19:00:00","guid":{"rendered":"https:\/\/www.telepace.it\/?post_type=puntata&#038;p=89563"},"modified":"2026-08-24T09:19:14","modified_gmt":"2026-08-24T07:19:14","slug":"sprigionare-scintille-01-economia-civile","status":"publish","type":"puntata","link":"https:\/\/www.telepace.it\/puntate\/sprigionare-scintille-01-economia-civile\/","title":{"rendered":"01 &#8211; Se l\u2019economia non fosse solo come ce l\u2019hanno raccontata?"},"content":{"rendered":"\n<figure class=\"wp-block-embed is-type-video is-provider-youtube wp-block-embed-youtube wp-embed-aspect-16-9 wp-has-aspect-ratio\"><div class=\"wp-block-embed__wrapper\">\n<iframe loading=\"lazy\" title=\"Sprigionare Scintille 01 - Economia civile\" width=\"800\" height=\"450\" src=\"https:\/\/www.youtube.com\/embed\/wDjZ6bdf3v0?feature=oembed\" frameborder=\"0\" allow=\"accelerometer; autoplay; clipboard-write; encrypted-media; gyroscope; picture-in-picture; web-share\" referrerpolicy=\"strict-origin-when-cross-origin\" allowfullscreen><\/iframe>\n<\/div><\/figure>\n\n\n\n<p>In questa prima puntata di Sprigionare Scintille partiamo da una domanda provocatoria per riscoprire l\u2019Economia Civile: un modo di guardare all\u2019economia che mette al centro persone, relazioni, reciprocit\u00e0 e bene comune, senza separare ci\u00f2 che spesso pensiamo come opposto: profitto e valore, individuo e comunit\u00e0, impresa e societ\u00e0, efficienza e responsabilit\u00e0. Forse il punto non \u00e8 scegliere da che parte stare, ma superare le dicotomie e provare a vedere l\u2019economia come uno spazio in cui visioni diverse possono incontrarsi, generare valore e costruire nuove possibilit\u00e0 e in cui ciascuno pu\u00f2 fare qualcosa. Sprigionare Scintille nasce proprio da qui: dalle domande che mettono in discussione il pensiero comune, aprono nuove connessioni e stimolano ad agire.<\/p>\n","protected":false},"featured_media":89562,"template":"","tags":[139],"class_list":["post-89563","puntata","type-puntata","status-publish","has-post-thumbnail","hentry","tag-redazione-verona"],"acf":[],"images":{"thumbnail":"https:\/\/www.telepace.it\/wp-content\/uploads\/2026\/08\/scintille-150x150.jpg","medium":"https:\/\/www.telepace.it\/wp-content\/uploads\/2026\/08\/scintille-300x169.jpg","full":"https:\/\/www.telepace.it\/wp-content\/uploads\/2026\/08\/scintille.jpg"},"descrizione_app":"","url_app":"","programma_id":89561,"_links":{"self":[{"href":"https:\/\/www.telepace.it\/api\/wp\/v2\/puntata\/89563","targetHints":{"allow":["GET"]}}],"collection":[{"href":"https:\/\/www.telepace.it\/api\/wp\/v2\/puntata"}],"about":[{"href":"https:\/\/www.telepace.it\/api\/wp\/v2\/types\/puntata"}],"wp:featuredmedia":[{"embeddable":true,"href":"https:\/\/www.telepace.it\/api\/wp\/v2\/media\/89562"}],"wp:attachment":[{"href":"https:\/\/www.telepace.it\/api\/wp\/v2\/media?parent=89563"}],"wp:term":[{"taxonomy":"post_tag","embeddable":true,"href":"https:\/\/www.telepace.it\/api\/wp\/v2\/tags?post=89563"}],"curies":[{"name":"wp","href":"https:\/\/api.w.org\/{rel}","templated":true}]}}

<figure class="wp-block-embed is-type-video is-provider-youtube wp-block-embed-youtube wp-embed-aspect-16-9 wp-has-aspect-ratio"><div class="wp-block-embed__wrapper">
<iframe loading="lazy" title="Sprigionare Scintille 01 - Economia civile" width="800" height="450" src="https://www.youtube.com/embed/wDjZ6bdf3v0?feature=oembed" frameborder="0" allow="accelerometer; autoplay; clipboard-write; encrypted-media; gyroscope; picture-in-picture; web-share" referrerpolicy="strict-origin-when-cross-origin" allowfullscreen></iframe>
</div></figure>



<p>In questa prima puntata di Sprigionare Scintille partiamo da una domanda provocatoria per riscoprire l’Economia Civile: un modo di guardare all’economia che mette al centro persone, relazioni, reciprocità e bene comune, senza separare ciò che spesso pensiamo come opposto: profitto e valore, individuo e comunità, impresa e società, efficienza e responsabilità. Forse il punto non è scegliere da che parte stare, ma superare le dicotomie e provare a vedere l’economia come uno spazio in cui visioni diverse possono incontrarsi, generare valore e costruire nuove possibilità e in cui ciascuno può fare qualcosa. Sprigionare Scintille nasce proprio da qui: dalle domande che mettono in discussione il pensiero comune, aprono nuove connessioni e stimolano ad agire.</p>
