{"id":89711,"date":"2026-09-03T15:33:15","date_gmt":"2026-09-03T13:33:15","guid":{"rendered":"https:\/\/www.telepace.it\/?post_type=puntata&#038;p=89711"},"modified":"2026-09-03T15:33:15","modified_gmt":"2026-09-03T13:33:15","slug":"focus-presente-3-settembre-2026","status":"publish","type":"puntata","link":"https:\/\/www.telepace.it\/puntate\/focus-presente-3-settembre-2026\/","title":{"rendered":"FOCUS presente 3 settembre 2026"},"content":{"rendered":"\n<figure class=\"wp-block-embed is-type-video is-provider-youtube wp-block-embed-youtube wp-embed-aspect-16-9 wp-has-aspect-ratio\"><div class=\"wp-block-embed__wrapper\">\n<iframe loading=\"lazy\" title=\"FOCUS presente 3 settembre 2026\" width=\"800\" height=\"450\" src=\"https:\/\/www.youtube.com\/embed\/_1zW6tZtJzQ?feature=oembed\" frameborder=\"0\" allow=\"accelerometer; autoplay; clipboard-write; encrypted-media; gyroscope; picture-in-picture; web-share\" referrerpolicy=\"strict-origin-when-cross-origin\" allowfullscreen><\/iframe>\n<\/div><\/figure>\n\n\n\n<p>Apertura dedicata all&#8217;attivit\u00e0 del papa in questa giornata del 3 settembre, e del dramma di quei migranti che per oltre un mese sono stati alla deriva su di un&#8217;imbarcazione morendo a decine con i superstiti salvati in queste ore. A seguire abbiamo parlato di &#8220;guerra ibrida&#8221; e delle possibili implicazioni per il futuro in Europa con Antonio Zotti dell&#8217;Universit\u00e0 Cattolica del Sacro Cuore di Milano. A Verona con il vescovo Domenico Pompili per parlare della prossima lettera pastorale intitolata &#8220;sulla via&#8221; che sar\u00e0 presentata alla diocesi il prossimo 8 settembre in occasione della Festa della Madonna del Popolo. Con padre Bossi, comboniano, ci siamo soffermati sul come fare a meno dei combustibili fossili e di quello che \u00e8 il percorso in atto a livello planetario per arrivare a questo obiettivo. Dalla citt\u00e0 di Verona il ripristino della viabilit\u00e0 in zona adiacente a piazza Bra e la candidatura ad ospitare l&#8217;Adunata Nazionale degli Alpini per il 2028.<\/p>\n","protected":false},"featured_media":85725,"template":"","tags":[139],"class_list":["post-89711","puntata","type-puntata","status-publish","has-post-thumbnail","hentry","tag-redazione-verona"],"acf":[],"images":{"thumbnail":"https:\/\/www.telepace.it\/wp-content\/uploads\/2025\/05\/FOCUS-150x150.jpg","medium":"https:\/\/www.telepace.it\/wp-content\/uploads\/2025\/05\/FOCUS-300x169.jpg","full":"https:\/\/www.telepace.it\/wp-content\/uploads\/2025\/05\/FOCUS.jpg"},"descrizione_app":"","url_app":"","programma_id":54338,"_links":{"self":[{"href":"https:\/\/www.telepace.it\/api\/wp\/v2\/puntata\/89711","targetHints":{"allow":["GET"]}}],"collection":[{"href":"https:\/\/www.telepace.it\/api\/wp\/v2\/puntata"}],"about":[{"href":"https:\/\/www.telepace.it\/api\/wp\/v2\/types\/puntata"}],"wp:featuredmedia":[{"embeddable":true,"href":"https:\/\/www.telepace.it\/api\/wp\/v2\/media\/85725"}],"wp:attachment":[{"href":"https:\/\/www.telepace.it\/api\/wp\/v2\/media?parent=89711"}],"wp:term":[{"taxonomy":"post_tag","embeddable":true,"href":"https:\/\/www.telepace.it\/api\/wp\/v2\/tags?post=89711"}],"curies":[{"name":"wp","href":"https:\/\/api.w.org\/{rel}","templated":true}]}}

<figure class="wp-block-embed is-type-video is-provider-youtube wp-block-embed-youtube wp-embed-aspect-16-9 wp-has-aspect-ratio"><div class="wp-block-embed__wrapper">
<iframe loading="lazy" title="FOCUS presente 3 settembre 2026" width="800" height="450" src="https://www.youtube.com/embed/_1zW6tZtJzQ?feature=oembed" frameborder="0" allow="accelerometer; autoplay; clipboard-write; encrypted-media; gyroscope; picture-in-picture; web-share" referrerpolicy="strict-origin-when-cross-origin" allowfullscreen></iframe>
</div></figure>



<p>Apertura dedicata all&#8217;attività del papa in questa giornata del 3 settembre, e del dramma di quei migranti che per oltre un mese sono stati alla deriva su di un&#8217;imbarcazione morendo a decine con i superstiti salvati in queste ore. A seguire abbiamo parlato di &#8220;guerra ibrida&#8221; e delle possibili implicazioni per il futuro in Europa con Antonio Zotti dell&#8217;Università Cattolica del Sacro Cuore di Milano. A Verona con il vescovo Domenico Pompili per parlare della prossima lettera pastorale intitolata &#8220;sulla via&#8221; che sarà presentata alla diocesi il prossimo 8 settembre in occasione della Festa della Madonna del Popolo. Con padre Bossi, comboniano, ci siamo soffermati sul come fare a meno dei combustibili fossili e di quello che è il percorso in atto a livello planetario per arrivare a questo obiettivo. Dalla città di Verona il ripristino della viabilità in zona adiacente a piazza Bra e la candidatura ad ospitare l&#8217;Adunata Nazionale degli Alpini per il 2028.</p>
